e the greatest common factor of 525 and 42.
21
What is the greatest common factor of 8820 and 6?
6
Calculate the highest common divisor of 51 and 629.
17
What is the highest common factor of 280 and 238?
14
Calculate the highest common divisor of 88 and 396.
44
What is the greatest common divisor of 707 and 7?
7
What is the highest common divisor of 66 and 473?
11
What is the highest common factor of 1770 and 59?
59
What is the highest common divisor of 75 and 3625?
25
Calculate the highest common factor of 483 and 1863.
69
Calculate the highest common factor of 163 and 13040.
163
Calculate the highest common factor of 940 and 2538.
94
What is the highest common divisor of 1100 and 2068?
44
What is the highest common divisor of 152 and 21508?
76
Calculate the highest common factor of 2773 and 59.
59
Calculate the greatest common factor of 20 and 56.
4
Calculate the highest common factor of 31 and 496.
31
What is the greatest common factor of 54 and 144?
18
What is the highest common divisor of 4305 and 45?
15
Calculate the highest common factor of 295 and 35.
5
Calculate the greatest common divisor of 1023 and 165.
33
What is the highest common factor of 199 and 16?
1
Calculate the greatest common factor of 366 and 22875.
183
Calculate the highest common factor of 42 and 189.
21
Calculate the highest common factor of 48 and 552.
24
What is the highest common factor of 36 and 972?
36
What is the greatest common factor of 2034 and 36?
18
What is the highest common divisor of 4 and 289?
1
Calculate the highest common divisor of 22 and 3058.
22
Calculate the greatest common divisor of 195 and 260.
65
Calculate the greatest common factor of 4455 and 27.
27
Calculate the highest common divisor of 3718 and 22.
22
What is the highest common divisor of 91 and 65?
13
Calculate the greatest common divisor of 71108 and 116.
116
Calculate the greatest common factor of 13273 and 13.
13
What is the highest common factor of 144 and 7056?
144
What is the highest common divisor of 1188 and 22?
22
What is the highest common divisor of 704 and 11?
11
What is the highest common divisor of 730 and 20?
10
What is the highest common factor of 44 and 8558?
22
What is the greatest common factor of 170 and 595?
85
What is the greatest common divisor of 147 and 2303?
49
Calculate the highest common divisor of 819 and 1755.
117
What is the greatest common factor of 32 and 56?
8
What is the highest common divisor of 12 and 7044?
12
What is the highest common factor of 7030 and 30?
10
Calculate the greatest common factor of 1577 and 190.
19
What is the highest common divisor of 2 and 19730?
2
Calculate the greatest common factor of 567 and 378.
189
Calculate the greatest common divisor of 4 and 1268.
4
Calculate the greatest common factor of 18 and 189.
9
What is the greatest common divisor of 44 and 352?
44
Calculate the greatest common divisor of 130 and 104.
26
What is the highest common factor of 3480 and 40?
40
What is the greatest common divisor of 1204 and 868?
28
Calculate the greatest common factor of 2016 and 192.
96
Calculate the highest common divisor of 30 and 10.
10
Calculate the highest common divisor of 14 and 14.
14
What is the highest common divisor of 66 and 66?
66
What is the highest common divisor of 496 and 558?
62
Calculate the highest common divisor of 465 and 75.
15
What is the highest common divisor of 357 and 42?
21
What is the highest common factor of 54 and 6480?
54
What is the highest common factor of 72 and 222?
6
What is the highest common divisor of 36 and 2178?
18
Calculate the highest common factor of 33 and 1573.
11
What is the highest common factor of 1770 and 90?
30
What is the highest common factor of 36 and 63?
9
What is the highest common factor of 10 and 6?
2
Calculate the highest common divisor of 60 and 6285.
15
Calculate the greatest common divisor of 608 and 19.
19
Calculate the highest common divisor of 2697 and 93.
93
What is the highest common divisor of 8991 and 37?
37
What is the highest common divisor of 1280 and 400?
80
What is the greatest common factor of 10319 and 17?
17
What is the greatest common factor of 4 and 64?
4
Calculate the greatest common divisor of 75 and 7025.
25
Calculate the highest common divisor of 128 and 192.
64
Calculate the highest common factor of 278 and 93408.
278
Calculate the greatest common factor of 16 and 61.
1
Calculate the greatest common divisor of 405 and 45.
45
Calculate the greatest common factor of 1928 and 8.
8
Calculate the greatest common factor of 2485 and 639.
71
Calculate the greatest common factor of 161 and 2783.
23
Calculate the highest common divisor of 470 and 47.
47
What is the greatest common divisor of 2916 and 216?
108
What is the highest common factor of 6520 and 40?
40
What is the greatest common divisor of 6313 and 107?
107
Calculate the highest common factor of 1440 and 1.
1
Calculate the greatest common factor of 826 and 42.
14
What is the greatest common factor of 560 and 2560?
80
What is the greatest common divisor of 1445 and 340?
85
What is the highest common factor of 632 and 64?
8
What is the highest common divisor of 10 and 2126?
2
Calculate the highest common divisor of 3283 and 49.
49
What is the highest common factor of 34 and 34?
34
What is the highest common factor of 14 and 4207?
7
What is the greatest common divisor of 828 and 180?
36
Calculate the highest common factor of 1460 and 20.
20
What is the greatest common divisor of 138 and 12?
6
What is the greatest common factor of 60 and 1360?
20
Calculate the highest common divisor of 12 and 42.
6
What is the greatest common divisor of 247 and 19?
19
Calculate the greatest common divisor of 12 and 140.
4
Calculate the greatest common factor of 876 and 24.
12
Calculate the highest common divisor of 91 and 247.
13
Calculate the greatest common factor of 1060 and 1400.
20
What is the highest common divisor of 1254 and 44?
22
What is the highest common factor of 52 and 104?
52
Calculate the greatest common divisor of 7 and 147.
7
Calculate the highest common divisor of 1782 and 108.
54
What is the greatest common divisor of 605 and 6380?
55
What is the highest common factor of 114 and 152?
38
Calculate the greatest common factor of 1150 and 100.
50
What is the highest common factor of 9 and 33?
3
Calculate the greatest common divisor of 14820 and 300.
60
Calculate the highest common divisor of 30 and 20.
10
What is the greatest common divisor of 2856 and 51?
51
What is the greatest common divisor of 804 and 24?
12
What is the greatest common factor of 17 and 7463?
17
What is the highest common divisor of 140 and 8?
4
Calculate the highest common factor of 366 and 24.
6
What is the greatest common factor of 506 and 11?
11
Calculate the greatest common divisor of 1441 and 11.
11
Calculate the greatest common factor of 28900 and 100.
100
Calculate the greatest common factor of 530 and 1166.
106
Calculate the greatest common factor of 434 and 28.
14
Calculate the highest common factor of 315 and 35.
35
What is the highest common divisor of 7 and 41?
1
Calculate the greatest common factor of 36 and 32.
4
What is the highest common factor of 16 and 256?
16
Calculate the highest common divisor of 156 and 260.
52
What is the greatest common factor of 45 and 6990?
15
Calculate the highest common divisor of 340 and 320.
20
What is the greatest common factor of 10443 and 3?
3
Calculate the greatest common divisor of 183 and 9.
3
Calculate the greatest common divisor of 1738 and 22.
22
Calculate the highest common divisor of 64 and 12456.
8
What is the highest common factor of 83 and 166?
83
Calculate the greatest common divisor of 1735 and 5.
5
What is the greatest common divisor of 117 and 78?
39
What is the greatest common factor of 220 and 1340?
20
Calculate the highest common divisor of 145 and 1044.
29
What is the highest common factor of 319 and 44?
11
Calculate the greatest common factor of 209 and 11.
11
Calculate the highest common divisor of 52 and 312.
52
Calculate the highest common divisor of 237 and 316.
79
What is the greatest common factor of 60 and 460?
20
Calculate the highest common factor of 50 and 625.
25
What is the highest common factor of 279 and 63?
9
Calculate the greatest common diviso